13 - ((4 - -15) + -48)).
10
Evaluate -7 + 19 + -40 + -2.
-30
What is the value of 5 + -12 + 6 - -6 - (-1 - 6)?
12
Evaluate 4 - (12 + -14 + 18 + -8).
-4
Evaluate -8 - ((1 - (0 + -11)) + -27).
7
What is the value of -9 - (-6 - 6 - (4 - 0))?
7
Calculate 6 - 9 - -6 - (5 - 11).
9
Evaluate (-30 - -73) + -3 - 35.
5
What is (1 - 0 - -5) + -13 + 26 + -15?
4
What is the value of -7 + -4 + 12 - (6 + 4 + -3)?
-6
Calculate 1 + (50 - 21 - 12).
18
Calculate (3 - 7 - 4) + (12 - 20) + 2.
-14
What is 10 - -2 - (30 + -6) - 3?
-15
Calculate 5 + 5 - (9 + 10).
-9
1187 + -1198 - (-18 + -1)
8
What is -4 - (0 + (8 - (0 - -8)))?
-4
What is -5 + 0 + (-2 + 2 + 3 - 8)?
-10
What is -18 - -12 - -9 - 14 - -12?
1
What is (5 - -6) + (-15 - -3) - (1 - 2)?
0
What is the value of -9 + (29 - 7) + (9 + 5 - 6)?
21
Calculate -5 + (5 - -16 - 17) + -2 + 2.
-1
What is the value of (8 - 30) + 7 - ((-3 - -7) + -2)?
-17
Evaluate (-25 - -6) + 13 + -2 + -1 + 14.
5
-25 + 8 - -24 - (1 + 18)
-12
What is the value of -13 + (42 - 36) + (-2 - (-31 + 0))?
22
-7 + (-9 + 13 - -13) + 4
14
-16 - 5 - (6 + -4 - 11)
-12
Calculate -2 + 27 + (-5 - (-6 + 16 - 6)).
16
Evaluate (-1 - 6) + (27 - 45) + 11.
-14
Calculate (-5 - (7 + -8)) + 5 + 6.
7
Evaluate 12 - (-8 - (-28 - -5)).
-3
Evaluate -17 - -9 - (-17 - (-7 + (-9 - -10))).
3
6 + -18 + 14 - -2
4
What is (11 - (-3 + 15)) + -8?
-9
Calculate -3 + -2 + 1 + 12.
8
34 + -7 + 32 + -36
23
What is the value of 3 + (-10 - (7 - 23) - (25 - -2))?
-18
-11 + (10 - (0 - (9 - 23)))
-15
What is the value of -4 + 23 + 3 + -39?
-17
-1 - (-8 - (9 + 0 - 34))
-18
Calculate (10 - 21) + 28 + -26.
-9
Evaluate -2 + 5 + 1 + 0 + -20.
-16
Calculate (-4 - 0) + 2 + 51 + (205 - 220).
34
Calculate (18 - (9 - 0)) + -2 + -2 + -2.
3
What is the value of -1 + 16 + -7 + -11 + 5?
2
Calculate 8 - (-3 - -4 - (8 - 15) - -3).
-3
What is (-1 - 0) + 23 + -6 + -15?
1
What is 2 + -9 - (5 - 32 - (-11 + 0))?
9
(-11 - -2) + 6 + -7 + 3 + 9
2
10 - (-3 - -28) - (11 + -4)
-22
9 - 6 - (-4 - -3 - -8)
-4
What is (-2 - -3 - -3) + (-48 - -58 - 21)?
-7
What is (-1 - -1) + (1057 - 1062)?
-5
Calculate (-25 - (-13 + -27)) + 3.
18
5 - ((-6 - 3) + -27 + 27)
14
What is the value of 21 + -5 + -1 + 11 + -22?
4
Evaluate (-7 + 25 - 5) + 20 + -14.
19
What is the value of -17 - 0 - (-16 + -12) - -1?
12
Calculate 10 + 4 + -3 + -30 + -5.
-24
Calculate 3 + -5 + (-9 - -13) - -8.
10
Calculate -5 - 2 - (257 + -243).
-21
36 + (-2 - (8 - (-16 - -10)))
20
What is (-1 - 27) + (-16 - (-29 - (-11 + -3)))?
-29
Calculate -19 + (-38 - -42) + (0 - -12).
-3
-2 - ((2 - -16) + -31)
11
Evaluate -11 + (14 - -12 - 12).
3
-3 - (2 + -4) - (-6 - (3 + -7))
1
5 - (-6 - -4) - (4 + 6) - -2
-1
Calculate -7 - (13 + 16 + -34).
-2
Calculate 20 + -18 + -6 - 5.
-9
-18 + (9 - 4 - 6) + 7
-12
What is the value of -66 + 65 + 2 + -2?
-1
Calculate -6 - (-2 + 1 + 2 - (0 - 0)).
-7
Calculate -4 - ((6 - 8) + -1 + 15).
-16
Evaluate -1 + -6 - (11 + -5 + (-10 - -7)).
-10
Calculate -3 - (-1 + (11 + -4 - 13) + -13).
17
Evaluate -30 + 8 + 54 + -27.
5
What is -9 + -1 - (18 - 27)?
-1
-8 + (-7 - -10) + -10
-15
Calculate -11 + 28 + -3 - (-35 + 14).
35
What is the value of -72 + 87 + (-22 - (0 - 2))?
-5
What is -1 - (-4 + (9 - (-8 + 11)))?
-3
What is 2 - (5 + -3 + 9) - (-150 - -115)?
26
Evaluate 5 + -3 + -11 + -6 + (1 - -2).
-12
What is -4 + -10 + 1 + 12?
-1
Evaluate 5 + -24 + 4 + 11 + 2 + -18.
-20
(19 - 12) + -11 + 2 - 5
-7
What is (-1 + -7 + (-14 - -18) - -9) + 21?
26
What is the value of (-5 - (26 + -60)) + -62?
-33
Evaluate -4 - (-1 - (0 - 1)) - (-1866 - -1866).
-4
-1 + 14 + (-24 - (3 + -18))
4
29 + -26 - (-5 + 12)
-4
Calculate 1 + (-11 - (-3 + -3 - 8 - -7)).
-3
Evaluate (4 - 4) + (-10 - -26) - 28.
-12
-6 - (-28 - (-10 - (1 - 1)))
12
What is the value of -6 - ((-3 - -3 - (7 - 5)) + -1)?
-3
Calculate -30 + 1 - ((337 - 360) + 1 + 22).
-29
Calculate (2 - (15 - (34 - 4))) + 18.
35
What is the value of 17 + (-1 - -8) + (16 - (1 + 19))?
20
What is -5 - (-16 + -1 + (-3 + 23 - 12))?
4
55 - 47 - (-5 + 7 - 0)
6
Calculate -28 + -66 + 83 - (-1 + 2 - 20).
8
Evaluate 1 - (-2 - -1) - (36 + 36 + -68).
-2
6 + 2 + (2 - (3 - 0) - 1)
6
What is the value of -73 - -67 - (-15 + 0 - 0) - 1?
8
-8 + (-9 - (-11 + -11)) + (1 - 15)
-9
26 + -10 + -24 + 10
2
What is the value of 15 - -4 - (8 + -3) - (-10 + 2)?
22
What is the value of 430 + -430 - (0 + 9)?
-9
What is 23 - (48 - 4) - -12?
-9
What is (-20 - 0) + (-2 + 2 - (14 - 18))?
-16
What is -17 - (-30 - (37 - 36))?
14
What is (-18 - -2) + 24 + (-16 - 1)?
-9
What is the value of 4 - 13 - (27 - 38) - 3?
-1
What is 59 - 53 - (-5 - -4)?
7
21 + (-24 - 16) - -6
-13
Calculate 4 + 8 + 2 + -7 - (1 + 26).
-20
Calculate (-44 - (15 + -45)) + (2 - 18).
-30
What is the value of (-41 - -31) + -14 - 12?
-36
Calculate -4 + -30 + (-15 - (-14 - 15)).
-20
Calculate -614 + 613 - (1 + 1 + -20).
17
Calculate -3 - -11 - 9 - (-3 - -7 - 18).
13
16 + (-70 + 27 - -7)
-20
What is the value of -7 + 10 - (-5 - (4 - 15))?
-3
What is the value of 37 + -45 + 5 + (0 - 0) - -2?
-1
Calculate (-10 - -5 - -9) + -4 + 8.
8
-9 - (-9 - 17 - -10)
7
Calculate -17 - (4 - (-1 - (0 + -3) - -3)).
-16
What is 16 + (18 - 35) + -1 + 7?
5
-12 + (7 - -4 - 13) + 6
-8
97 + -99 + 10 + -9 + -1 + 1
-1
Calculate (-4 - -1 - -6) + (-3 - (-6 - -1)).
5
Evaluate (2 - (3 - -2)) + (2 - (0 - 1)).
0
Evaluate -13 - (-10 - (10 + (2 - 4))).
5
Calculate -283 + 297 - (1 + 27).
-14
What is 42 - 28 - (1 - (-1 + -7))?
5
What is 1 - 11 - (18 - (28 - -2) - -19)?
-17
What is -22 + (30 - 7 - 14) + 3?
-10
Evaluate -12 + -1 + -17 + 0 - 6.
-36
-6 + (18 - 11 - (0 - (-5 + 20)))
16
What is the value of 10 + (9 + -8 + -9 - -13)?
15
Evaluate -9 + -19 + (-10 - -9) - -11.
-18
-1 - 4 - (-1 - 15)
11
Calculate -15 + 6 + 3 + -7 + 0 + -5.
-18
Calculate (2 - 8 - (8 + -3 + -4)) + 2.
-5
Evaluate (-1 - 20 - (-16 + 10)) + 4.
-11
Calculate -424 + 432 - (0 - 1 - -2 - -7).
0
Calculate -9 - -5 - 5 - (-10 + 2).
-1
Calculate -5 + -9 + (21 - 6).
1
Evaluate 19 + -2 + 0 - (-68 - -79).
6
What is the value of 1 + 5 - ((-12 - 1) + 8)?
11
What is 5 - (-14 + 23 + -5)?
1
Evaluate -3 - -4 - (15 + -18).
4
Calculate -3 + (1 - (-10 - -8)).
0
What is the value of -6 + -8 + 8 + 15 + (-15 - -6)?
0
Calculate (-2 + -3 - -2) + 24 + 14 + -17.
18
Evaluate -1 + (-60 + 16 - -15) + 14.
-16
Calculate -2 + 20 - (148 - 135).
5
What is the value of (-1 - (-14 - -1)) + (-6 - -11)?
17
Calculate -14 + (16 - 2) - 14.
-14
(11 - 21) + 0 + 8
-2
(-6 - (8 + -3)) + -2
-13
What is (4 - (1 - 0)) + -11 + 5?
-3
Evaluate (-4 - -9) + -3 - (16 - 2) - -5.
-7
-3 - (-16 + (-7 - -13)) - (-9 + 14)
2
-12 + 19 + -6 + -1
0
What is the value of (28 - 6) + -6 + (-5 - 0) + 2?
13
Evaluate (1 - -2) + (5 - (-6 - -1)) + -1.
12
What is -1 + 5 + 2 - (24 + -23)?
5
Evaluate 2 - (52 + -57 + (9 - 2)).
0
Calculate (-11 - -4) + (4 - (-9 + 4)) + -23.
-21
-20 + (21 - -5) - (5 - -1) - 19
-19
Evaluate -18 - (-10 - (1 - -12)).
5
What is 2 + (8 - 0 - 12) + 9?
7
Calculate 7 - 16 - (11 - (-7 - -4)).
-23
What is the value of -9 + 8 + (-5 + -9 - -7)?
-8
What is 7 - (41 + -19 - -10)?
-25
Evaluate (11 - 7) + 2 + 2.
8
Evaluate (10 + -1 - (259 + -250)) + 23 + -6.
17
What is (-8 + 11 - 2) + -6 + -1 + 8?
2
What is the value of 7 + (-15 - -8) + (-8 - -29) + -1?
20
Calculate 134 + -121 + -2 + 2.
13
What is the value of 29 + (-11 - -3) - 13?
8
Evaluate -24 + (9 - 5) - 2.
-22
What is (5 + 12 - -6) + (-11 - -3 - -5)?
20
5 - (5 + (-14 - 4) + -13)
31
Calculate (5 - 2) + (-38 - -29).
-6
-843 + 860 - (16 - -1)
0
What is the value of -1299 + 1337 - (0 - -41)?
-3
What is the value of (-10 - (4 - 5)) + 19 + -45 - -7?
-28
-2 + (9 + -3 - -3) + -8
-1
What is 11 + 2 + 12 + (1 - 14)?
12
What is 0 - (-4 + -4 + 2) - (-3 - -3)?
6
34 - 44 - (14 + -7 + 6)
-23
Calculate (14 - 25) + 11 + 2 + 13.
15
-4 + -4 - (7 + (-10 - 17))
12
What is the value of 35 - 8 - 49 - -2?
-20
What is 1 + -3 + 3 - (-19 - (-27 - -3))?
-4
What is the value of 1 + (11 - 21) - -9 - (-2 - 0)?
2
Evaluate 2 + -3 - (-9 + (-15 - -20)) - -11.
14
-22 + 2 + (25 - 16) + (7 - 6)
-10
Evaluate (6 - 8 - 1) + (9 - -6) - 11.
1
What is (-8 - -5) + (-7 - (1 - 5)) - -11?
5
Evaluate (0 - -9 - (10 + -33 - -22)) + 5.
15
Evaluate -9 - -1 - -19 - -8.
19
Evaluate -1 - 1 - (-2 + 7) - (-33 + 26).
0
What is 24 + -33 + 12 + 10 - -2?
15
Calculate (-29 - -28) + (-4 - -7).
2
Evaluate -11 + (1 + 14 - (100 - 87)).
-9
1 - (4 